
Let w = -15 + 10. Let z be ((-2)/6)/(w/75). Suppose -3*x + 23 - 191 = -2*p, 2*x = z*p - 442. What are the prime factors of p?
2, 3, 5
Let l(i) = i**2 + 11*i - 1. Suppose 0 = -2*s + t + 109, -t + 4*t = 4*s - 219. Suppose -11 = 5*h + s. List the prime factors of l(h).
5
Let d = -18 + 21. Suppose -3*u + d*c = 2*c - 863, -u - c + 293 = 0. Let s = -203 + u. What are the prime factors of s?
2, 43
Suppose -4*t = t - 15. Suppose 23 = -4*o + t. Let b = o - -43. List the prime factors of b.
2, 19
Suppose 3 = -2*x + 2*d + d, 3*x - 4*d = -3. List the prime factors of 167*((-4 - -2) + x).
167
Let c = 3285 + -1300. What are the prime factors of c?
5, 397
Suppose 0 = t - 410 - 784. Let r = t + -850. List the prime factors of r.
2, 43
Let w = 7 - -19. Let x = w + -11. Suppose 0 = -j - 3*h + x + 19, -89 = -2*j + h. What are the prime factors of j?
43
Suppose 23 = -x + 2*j, -x - j = 24 + 5. What are the prime factors of x/(69/12 - 6)?
2, 3
Suppose 404 = s + 84. Suppose 4*m = -0*m - 2*f + 638, 2*f = -2*m + s. List the prime factors of m.
3, 53
Let z(p) = 2324*p + 5651. List the prime factors of z(9).
31, 857
Let z(d) = 18*d - 35. Let t be z(4). Suppose -t*a = -38*a + 3. Suppose -12*c + a*c + 1233 = 0. What are the prime factors of c?
137
Suppose 6*j - j = 10. Suppose v - j*f - 14 = -5*f, -f + 28 = 5*v. Suppose -v*y + 145 = -80. What are the prime factors of y?
3, 5
Suppose 0 = -15*u + 28*u + 45175. What are the prime factors of 4/3*(u/(-10) + 2)?
2, 233
Suppose -19*i + 16*i - 2*p = -20025, -3*p - 33375 = -5*i. List the prime factors of i.
3, 5, 89
List the prime factors of (4 + (-33)/6)*44044/(-66).
7, 11, 13
Let v(r) = r**3 + 16*r**2 - 14*r + 32. Let x be v(-17). Let g = 21 + x. Suppose -5*b + 739 = 4*o, g*b = -2*o + 4*o + 292. List the prime factors of b.
3, 7
Let j = -300 + 50. What are the prime factors of (1 + 15)/((-20)/j)?
2, 5
Let i = -288 + 256. Let f = i + 50. List the prime factors of f.
2, 3
Let l(b) = -b**3 - 19*b**2 + 22*b + 44. Let x be l(-20). Suppose -o - 37 = 3*q, -4*o = x*q - 2*q + 158. What are the prime factors of (38/(-8))/(2/o)?
5, 19
Let n = 50505 - 12715. What are the prime factors of n?
2, 5, 3779
Let n(m) = 15*m + 95. Let y be n(-26). Let r = y + 639. What are the prime factors of r?
2, 43
Suppose 3*l - 5*b - 131807 = 0, 0 = 5*l + 461*b - 458*b - 219735. What are the prime factors of l?
2, 3, 1831
Let c(k) = -315*k + 201. Let n(j) = -105*j + 68. Let f(l) = 3*c(l) - 8*n(l). What are the prime factors of f(-6)?
13, 53
Let x be 30/(-2)*(-6)/18. Suppose -x*o + o + 8 = 0. List the prime factors of 2 + o + (-3 - -44).
3, 5
Suppose -270 = -9*v + 4*v. Let i(k) = 41*k**2 + 26*k - 25. Let h be i(1). Let s = v - h. List the prime factors of s.
2, 3
Let d = 77 + -75. Suppose -d = x - 3*c, -5*x + 4*c = -1 - 0. What are the prime factors of (-768)/40*((-7 - x) + -2)?
2, 3
Let p = -213 + 225. Let t(y) = y**3 - 11*y**2 + 15*y + 14. What are the prime factors of t(p)?
2, 13
Let n(y) = -12*y**2 - 19*y - 2. Let f be n(-6). Let z = f - -453. List the prime factors of z.
7, 19
Suppose -2*k + k + 4931 = -9919. What are the prime factors of k?
2, 3, 5, 11
Let j be 22*-9*(-1)/(-1). Let q be (46/(-5))/(18/90). Let a = q - j. What are the prime factors of a?
2, 19
Suppose 0 = 26*k - 228390 - 14294. What are the prime factors of k?
2, 13, 359
Suppose -6914*u + 74330 = -6904*u. What are the prime factors of u?
7433
Suppose -m = 5*d - 4*d - 4088, -m - 5*d = -4088. List the prime factors of m.
2, 7, 73
Let r be (-4)/(11/(231/14)). What are the prime factors of ((-54)/3)/(r/20)?
2, 3, 5
Let a = 1921 + -1290. Let w = a + -358. List the prime factors of w.
3, 7, 13
List the prime factors of (17764/7)/((156/(-104))/((-42)/8)).
2, 4441
What are the prime factors of (-11 - -27201) + -1 + 14?
11, 2473
Suppose 2*t - 3*c + 7 = 0, 0 = 2*t + t + 5*c + 58. Let i be 7 - (-9)/(-3) - t. What are the prime factors of 1029/i + 2/5?
3, 23
Let i = 30 + -13. Suppose -i = 2*u - 3*u. Suppose -t + u = -100. What are the prime factors of t?
3, 13
Let x = -3982 - -4421. What are the prime factors of x?
439
Suppose 12*a + 3 = 99. Suppose 11*o - 48 = a*o. List the prime factors of o.
2
Suppose 0 = -5*x - 2*c + 300, -2*x + 120 = -0*x - 5*c. Let p(l) = -2*l**3 - 50*l**2 - 43*l + 154. Let r be p(-24). Let d = r + x. List the prime factors of d.
2, 47
Let p(m) = m**2 + 18*m + 4. Let z be p(-18). Let s be (-19 + z)*(-174)/15. Suppose -250 - s = -4*a. What are the prime factors of a?
2, 53
Let z(d) = d**2 - 18*d + 28. Let f be z(17). Suppose -f*j = 9*j - 11500. What are the prime factors of j?
5, 23
Suppose 152*v - 166*v + 94258 = -26492. List the prime factors of v.
3, 5, 23
Let l be (-16 - -22)/(6/(-172)). What are the prime factors of 1/((-4)/(-67)) + (-43)/l?
17
Let v be 10/((-8)/(-28)*(-7)/(-1246)). List the prime factors of v/15*(-12)/(-8).
7, 89
Let m(u) = -105*u + 25. Let a be m(-6). Let h = a - 382. List the prime factors of h.
3, 7, 13
What are the prime factors of (332 - -6)*((-885)/(-10) - 1)?
5, 7, 13
List the prime factors of ((-1)/((-1)/(-33)))/(-8 - (-45210)/5652).
2, 3, 11, 157
Suppose 3*y = 5*p + 69 + 85, -4*p - 8 = 0. Let s = y + 84. Suppose 2*l = -3*v + 135, -l - 2*l = 3*v - s. What are the prime factors of v?
47
Let u = -3780 + 6337. Suppose 355 = -6*h + u. What are the prime factors of h?
367
Let q be 1477/(-77) + 6/33. Let t(s) = 2*s**2 + 16*s - 2. List the prime factors of t(q).
2, 13
Let q(i) = i - 12. Let t be q(17). Suppose p + t*u = 24, 4 = -2*p + 2*u - 8. Let l = 45 - p. List the prime factors of l.
2, 23
Let s(z) = -55*z**3 - 9*z**2 - 71*z - 98. What are the prime factors of s(-7)?
7, 2689
Suppose 33 = v + 10*v. Let y = 7 - 2. Suppose -l = y, -5*l = 2*i - v*l - 24. List the prime factors of i.
17
Let z(s) = -2*s - 17. Let y(g) = g + 15. Let a be y(-24). Let i be z(a). Let d(m) = 189*m + 5. List the prime factors of d(i).
2, 97
Let o = 1980 + 14322. What are the prime factors of o?
2, 3, 11, 13, 19
Let m(s) = -2*s + 36. Suppose -6 = -x + 14. Let y be m(x). What are the prime factors of (-473)/(-2) + (y - (-14)/4)?
2, 59
Suppose -4*c = 1420 + 448. Let a = -239 - c. Suppose t + a - 12 = f, -5*f = 2*t - 1080. List the prime factors of f.
2, 3
Let b be 1235/(-30)*-4 - (-8)/6. Let g = -155 + b. What are the prime factors of g?
11
Suppose 3*v = 3*o - 21762, 16*o - 7254 = 15*o - 2*v. List the prime factors of o.
2, 3, 13, 31
List the prime factors of 400419/18*2/5 + 18/(-90).
2, 3, 1483
Let p(u) = u**2 + u + 148. Let k be (-2 - -2)/(-6)*1. List the prime factors of p(k).
2, 37
Let b(q) = 3*q - 53. Let a be b(18). Suppose 0 = -5*h + 3*s - 9, -3*h + 2 = s - a. Suppose h = -5*m + 248 + 247. List the prime factors of m.
3, 11
Let j(r) = -r. Let w be j(1). Let c(d) be the first derivative of 33*d**3 + d**2 + 3*d + 577. List the prime factors of c(w).
2, 5
Suppose -2443*z + 2407*z = -419544. List the prime factors of z.
2, 5827
Let o(w) = -w**3 - 7*w**2 - 8*w + 6. Let m be o(-6). Suppose -n + 17*h + 440 = m*h, 2236 = 5*n - 4*h. What are the prime factors of n?
2, 3, 37
Let q be ((-32)/10)/(-4)*(-7 + 17). Suppose -q*n = -47 - 1. What are the prime factors of n?
2, 3
Suppose 4*n + 6*n = 1560. Let j = -91 + n. Suppose -3*c + 5*r + 479 = 0, -c + 2*r + 96 = -j. List the prime factors of c.
3, 17
Let c(v) = 24*v + 24. Suppose 10*f + 93 = 41*f. List the prime factors of c(f).
2, 3
Let i(p) = 32*p - 862 + 856 + 4*p**2 + p**2. Let j be i(8). Suppose -10 = 2*v, -g - 4*v = -6*g + j. List the prime factors of g.
2, 5, 11
Let c(z) = 24*z**2 + 16*z - 4. Let h be c(-3). Suppose 290 = -3*m - w, -3*m + w = 3*w + 286. Let l = m + h. What are the prime factors of l?
2, 3, 11
Suppose 0 = -0*m + 2*m. Suppose 3*g + 9 = 2*x, -5*x - 4*g + m - 12 = 0. Suppose -d = -3*j + 30, -3*j = -x*d + 4*d - 45. What are the prime factors of j?
11
Suppose -17*f + 25 = -26. Suppose -m - f*l = -118, -2*l + l = -5*m + 622. List the prime factors of m.
2, 31
Suppose -22 = 4*z + 3*s - 146, 4*z - 104 = 2*s. Suppose -4*v = 25*x - z*x - 3493, v = -4*x + 897. List the prime factors of v.
877
Suppose 5*x + 30037 - 115636 = -4*h, 7 = x. List the prime factors of h.
21391
Let l(u) = 3*u + 23. Suppose 62 + 15 = -11*q. Let v be l(q). Suppose -3*f + 239 = -4*a, 5*f - 433 = -v*a - 0*a. List the prime factors of f.
5, 17
Let b = -